t common factor of m and 252.
84
Let d(k) = -k**3 - k**2 + 2*k + 3. Let o be d(-2). Suppose -o*z = -3*c + 66, 0*c = c - 3*z - 18. Let a = c - 6. What is the greatest common divisor of a and 9?
9
Let a be (2 - -7) + -21 + 18. Let l(s) = 3*s - 15. Let h be l(a). What is the greatest common factor of 60 and h?
3
Let g be -5 + (450/36 - 3/(-2)). What is the greatest common divisor of g and 387?
9
Suppose 3*g - 3 = h - 18, 3*h - 5*g = 53. Suppose 3*l - 2*r = h, 6*r - 5*r = -3*l + 12. What is the greatest common divisor of l and 1?
1
Let m be 128/(-12)*(-1620)/80. Calculate the greatest common divisor of m and 96.
24
Suppose -2*o = 5*m + 11, -4*m - 7 = 5. Let d(l) = 82*l + 18. Let w be d(o). What is the greatest common factor of w and 13?
13
Let m(f) = -f**2 - 12*f + 25. Let d be m(-12). Suppose l - 3*a + 165 = 4*l, 3*l + 4*a = 170. What is the greatest common factor of d and l?
25
Suppose -2*v + 10 = 4*u, -3*v + 10 = 125*u - 124*u. Suppose -g + 6*g - 10 = 0. Calculate the greatest common divisor of u and g.
1
Let l = 13 - 19. Let r be l/(-30) - 2199/(-5). What is the greatest common factor of r and 40?
40
Let o be (336/4)/((-10)/(-25)). What is the highest common divisor of o and 147?
21
Suppose 21*u - 888 = 456. Suppose 66 - 18 = t. Let z = t + -32. What is the highest common divisor of u and z?
16
Let b = 3073 - 1075. What is the greatest common divisor of b and 74?
74
Let l = 4 - 2. Suppose s - l*s = -12. Calculate the greatest common divisor of s and 132.
12
Suppose 0 = -0*p - 3*p + 12. Suppose -y + 5*u + 35 = 0, -2*u + 110 = 2*y - p*u. What is the greatest common factor of y and 50?
10
Suppose 2*j + 2 - 4 = 0. Let w be 0 - (-31 - j) - 4. What is the highest common factor of w and 7?
7
Let h be (-1*5)/((-3)/87). Suppose 5*s = 5*l - h, -5*s - 1 = 19. Let b = l - 18. What is the greatest common factor of b and 7?
7
Suppose x + 3 - 2 = n, -n - 3*x = 3. Let s = n - -11. Let b be 2/9 - 5/((-135)/2667). What is the highest common divisor of b and s?
11
Let b be (-8)/40 + 162/10. Suppose 3*r - i - 164 = -5*i, -58 = -r + 2*i. What is the greatest common divisor of r and b?
8
Let z(f) be the first derivative of -f**4/4 - 2*f**3/3 - 3*f**2/2 - 4*f - 5. Let y be z(-3). Calculate the highest common divisor of y and 14.
14
Let r = -2657 + 2667. Suppose 2*y - 6*y - 18 = -5*z, 5*z - 2 = -4*y. What is the greatest common factor of r and z?
2
Let j be 15*(0 - -2 - 1). Let r = j + -12. Suppose -229 = -5*n + 3*x, 2*n - x - 82 = -r*x. What is the highest common factor of 11 and n?
11
Suppose -5*x = -3*x. Let c = x + 12. Suppose 11*h - 10*h - 3 = 0. What is the greatest common factor of c and h?
3
Suppose -4*z = z. Let j be 1 + z + (-6)/(-1). Suppose 2*v - 30 = r, -2*v - 3*r + 7 = -j. What is the highest common factor of 52 and v?
13
Let h = 46 + -46. Suppose 0*p - 3*p - 15 = h, 3*p - 69 = -4*g. Calculate the highest common factor of 147 and g.
21
Let g(w) = w**2 - 5*w - 2. Let b be g(6). Suppose -39 + 2 = -b*r - 3*j, 15 = r - 5*j. Suppose -5*y + 196 - 71 = 0. What is the highest common factor of r and y?
5
Let g = 17 - 15. Suppose -4*m = -g*l, -m - 3*l - 8 = -1. Let t be (-11)/(-2) - m/2. Calculate the greatest common factor of 6 and t.
6
Let m = 410 + -402. Suppose -4*h - 2*v = -3*h - 96, 4*v = 4*h - 336. What is the greatest common factor of h and m?
8
Let c = 98 - 70. Calculate the highest common divisor of c and 252.
28
Suppose -5 = s - 1, 3*s - 48 = -3*l. Let k(n) = n**2 + 2*n + 6. Let z be k(4). What is the greatest common factor of z and l?
10
Let k(n) be the third derivative of n**4/4 - n**3/6 - 3*n**2. Let m be (3/3 + 0)*2. Let s be k(m). What is the greatest common divisor of 11 and s?
11
Suppose -10*s = 18*s - 476. Calculate the highest common divisor of 119 and s.
17
Let h be (266 - 56)/(2/((-8)/(-6))). Let o = 42 + -22. What is the greatest common factor of h and o?
20
Let q be (-2)/3*(-7 + 1324/(-8)). Calculate the highest common factor of q and 23.
23
Let n = -733 - -763. What is the highest common divisor of 2 and n?
2
Suppose h = -4*g + 71, h + 31 + 60 = 5*g. Let o = -37 - -28. Let y(n) = n**2 + 2*n + 9. Let f be y(o). Calculate the highest common factor of f and g.
18
Let v = 125 - 229. Suppose -14 = -5*l - 4. Let w be l/5 + v/(-40). Calculate the greatest common factor of w and 3.
3
Let v(q) = 4*q - 57. Let u be v(28). What is the highest common factor of u and 22?
11
Let d(k) = 3*k - 1. Let t be d(5). Suppose 2*f - 25 = -4*h + 33, f - 1 = 0. Calculate the highest common divisor of h and t.
14
Let d = 7 - 52. Let c = -35 - d. Calculate the highest common divisor of 80 and c.
10
Suppose 21*o - 12 = 19*o. What is the greatest common factor of 39 and o?
3
Let d = -57 - -57. Suppose d*y - 5*y + 145 = 5*o, y + 2*o = 28. Calculate the highest common divisor of 6 and y.
6
Let s = -305 - -361. What is the greatest common divisor of s and 2?
2
Suppose -3*o + y - 3*y = 29, 5*o - y = -31. Let w(v) = -30*v - 23. Let q be w(o). Calculate the greatest common factor of 17 and q.
17
Let q be (-8)/(-2) - (0 + 2). Suppose -31 = -q*l - 7. Calculate the greatest common divisor of 12 and l.
12
Let l be (12 + -13)/((-1)/(-115)). Let t be (l/4)/(12/(-96)). What is the greatest common factor of t and 92?
46
Let r be 75 - 44 - (-3)/(0 + 1). Suppose 0 = -4*s - 2*t + 1228, 3*t - 618 = s - 3*s. Calculate the highest common divisor of r and s.
34
Suppose -o - 16 + 22 = 0. Let s be (9/o - -3) + 2/(-4). Calculate the greatest common divisor of s and 52.
4
Let v(u) = u + 31. Let z be v(-23). Let x be 6/24 - (-126)/z. Calculate the highest common factor of 32 and x.
16
Let d be ((-24)/(-7))/((-8)/(-56)). Let x = d + -18. Let l = 18 - x. Calculate the highest common factor of 18 and l.
6
Let u = -43 + 77. Let v be (2 - 3)/(2/38). Let z = 36 + v. What is the highest common divisor of u and z?
17
Let f(d) = -7*d + 52. Let h be f(6). Let o(m) = -5*m - 3. Let g be o(-10). Let z = -22 + g. Calculate the greatest common factor of z and h.
5
Suppose -2*w = 5*k - k - 4, 2*k - 6 = -2*w. What is the highest common divisor of w and 6?
2
Let h = -98 - -103. Calculate the highest common factor of 295 and h.
5
Let c(r) = 2*r**2 + 24*r - 20. Let k be c(-19). Calculate the greatest common factor of 6 and k.
6
Let i(z) = -z**2 - 5*z + 84. Let l be i(0). Calculate the highest common divisor of l and 28.
28
Let z be 843/12 + 4/(-16). Let u be (z - (-12)/(-3)) + -3. Let d = -60 + 69. Calculate the greatest common factor of u and d.
9
Let v be (-18 + 18)/(4/(-2)). Suppose v = -2*h + 9 + 7. What is the greatest common divisor of 20 and h?
4
Let p = -416 + 472. What is the greatest common divisor of 14 and p?
14
Suppose -51 = -3*y + 240. Calculate the greatest common divisor of 1552 and y.
97
Let t be ((-2)/(-3))/(2/39). Suppose 0 = -5*k + t + 7. What is the highest common factor of k and 2?
2
Let f(j) = -26*j + 1 + j**3 + 2 + 23*j. Let d be f(2). Suppose 0 = d*w - 3*w - 22. Calculate the highest common divisor of 1 and w.
1
Let h(t) be the second derivative of -t**5/20 - t**4/3 + t**2 - 12*t. Let j be h(-5). What is the highest common factor of 3 and j?
3
Let s(q) = 3*q**2 + 2*q - 1. Let j be s(1). Suppose 1 = -2*u + 5*d - 0, 3*d = j*u - 33. What is the highest common divisor of 108 and u?
12
Let s = 11137 - 11129. Let d be ((-20)/3)/(4/(-12)). What is the highest common divisor of s and d?
4
Suppose 12*w = 10*w - 4*j - 4, 0 = 2*w - 5*j - 14. Suppose -48 + 176 = 4*v. What is the highest common factor of w and v?
2
Let t = 0 + 3. Suppose -a + 2*x + 90 = 0, 13 = -4*a + t*x + 368. Let h be (-4)/(4 + -2) + 24. Calculate the greatest common factor of a and h.
22
Let k be (-474)/12*(0 - 2). Suppose -k + 13 = -2*i. Calculate the highest common factor of i and 297.
33
Let h(l) = -l**2 - 10*l + 3. Let r be h(-10). Suppose w = 2*k + 68, -r*w - 3*k = -4*k - 199. Calculate the highest common factor of w and 22.
22
Suppose 3*z = 82 - 73. Suppose 2*i - c = c + 4, z*c = i + 8. Calculate the greatest common factor of i and 63.
7
Let s(c) = -c**3 + 14*c**2 - 10*c + 24. Let z be s(13). Calculate the highest common divisor of z and 28.
7
Let v(l) = 141*l - 76. Let g be v(4). Calculate the highest common divisor of g and 2.
2
Let g be (-15*7/(-63))/((-1)/(-54)). What is the highest common divisor of g and 315?
45
S